 249. Suppose 0 = 8*h - 186 + 570. What is the tens digit of c(h)?
4
Let b(z) = 29*z**3 + 8*z**2 - 45*z - 1. What is the tens digit of b(6)?
8
Let k = 905 - 878. What is the units digit of k/(9/768*8)?
8
Suppose 8*l = y - 10311, 5*y - 3*l - 51399 = -2*l. What is the units digit of y?
9
Let s be 4/(-12)*8/(56/(-21)). What is the units digit of (672 - -16 - -7) + s*4?
9
Let q(s) = -s**3 + 13*s**2 + 3*s - 85. What is the hundreds digit of q(-9)?
6
Suppose 0 = 6*k + 5*d - 241669, k - 3*d + 7601 - 47906 = 0. What is the thousands digit of k?
0
Let q = 123 + -119. Suppose -3*t = g + 3*g - 250, 0 = 2*g + q. Let u = t - -127. What is the units digit of u?
3
Suppose -2*f + 127 + 3 = 0. Suppose -59*y + f*y = -732. Let v = y - -307. What is the units digit of v?
5
Let a be (3 - (-2 + 3)) + 0. Let n be (a/6)/(3/225). Suppose -3*k + n = -107. What is the units digit of k?
4
Suppose -382*c + 349*c = -1042965. What is the tens digit of c?
0
Let z be 4/(-34) + (-1209)/(-17). Let x = -67 + z. Suppose -8*r + p + 208 = -3*r, -5*p - 179 = -x*r. What is the units digit of r?
1
Let k(c) = -57*c**2 + c - 1. Let g = 8 + -10. Let a be k(g). Let j = 374 + a. What is the hundreds digit of j?
1
Let h(w) = 3*w**2 + w + 4. Let s be h(-3). Let g = s - 6. Suppose -23*p = -g*p - 43. What is the units digit of p?
3
Let j(p) = p + 4. Let i be j(0). Suppose 0*v - 26 = -5*h + 3*v, 5*h = -i*v + 12. What is the tens digit of 146/h + (-4)/(-8)?
3
Let m(c) = 6*c**3 + 71*c**2 + 12*c - 250. What is the units digit of m(12)?
6
Let t be ((-30)/20)/(6/(-16)). Suppose 0 = -2*q - 2*h + 444, t*h + 1083 = 7*q - 2*q. What is the tens digit of q?
1
Let f = 55245 - 33873. What is the hundreds digit of 8/44 - f/(-66)?
3
Let a(z) = 5*z**3 + 5*z**2 - 7*z - 8. Let b be a(3). Suppose 149 = d - b. What is the tens digit of d?
0
Suppose 43*b + 21126 = 51*b - 94322. What is the tens digit of b?
3
Suppose -m + 48 = h, -4*m - 2*h = -8*m + 186. Let g = 41 - m. Let v(t) = -t**3 - 5*t**2 - 6. What is the tens digit of v(g)?
3
Suppose 16*y + 2*y = 1386. Suppose -3*m - 8 + y = 0. What is the units digit of m?
3
Let s be (-1 - 2/(-3))/(7/42). Let i be 32/6 + (-2)/(-3) + s. What is the hundreds digit of (i/(-6))/((-2)/537)?
1
Suppose 364 = -4*o - 0*o. Let b = -58 - o. Let d = 114 + b. What is the hundreds digit of d?
1
Let m be (-6 + 9)/((-3)/(-2)). Let n be 45/36 - 3/(-4). Suppose 3*y - m*w - 299 = n*w, -4*w = y - 105. What is the units digit of y?
1
Let s = 74 - 72. Suppose -s*l + 4*l = -68. Let d = l - -70. What is the tens digit of d?
3
Let u = -1039 + 1098. Let b = 9 + -5. Let n = u - b. What is the units digit of n?
5
Let g be (4207/7 - 8) + (-2 - -5). Let n = g - -2. What is the tens digit of n?
9
Let o = 94 - 114. What is the hundreds digit of 336/(5/(o/(-4)))?
3
Let t = -70 + 82. Suppose l = 14 - t. Suppose -335 = d - 6*d - 5*c, l*d - 139 = -3*c. What is the units digit of d?
2
Let p be (-4)/(-10) + (-156)/(-10). Let o(a) be the second derivative of -a**5/20 + 5*a**4/4 + 19*a**3/6 + 23*a**2/2 + 682*a. What is the units digit of o(p)?
1
Suppose 0 = 2*p - m + 11, -3 = -p - 2*m - 1. Let s be 4 + (76 - p)/(-5). Let y(i) = -i**2 - 17*i - 16. What is the tens digit of y(s)?
4
Let b = 229 - 209. Suppose 0 = -2*t + 4*y + 1554, -b + 29 = 3*y. What is the tens digit of t?
8
Let q(f) be the third derivative of -f**7/630 - f**6/144 - f**5/15 + 18*f**2. Let t(i) be the third derivative of q(i). What is the units digit of t(-3)?
9
Let a = 2 - -3. Suppose 0 = -4*s + 4*y, -4*s - y = -a - 10. Suppose 0 = s*o, m = 4*m + 4*o - 336. What is the units digit of m?
2
Let i = 16358 + -9746. What is the hundreds digit of i?
6
Suppose -8*t + 700 = -4*t. Suppose -t + 31 = 6*c. What is the units digit of (-12)/16 - 1362/c?
6
Let t = -105 - -165. Let z = t - 57. Suppose 3*l + z*v - 186 = 39, 4*l - 318 = 5*v. What is the tens digit of l?
7
Suppose 0 = 2*l + 25 - 31. Suppose -4*j - l*s + 742 = 0, 4*j = -5*s + 611 + 135. What is the units digit of j?
4
Suppose p + 11328 + 2856 = b, -p = 3*b - 42536. What is the units digit of b?
0
Let k(i) = -25*i - 24. Let h(f) = f**3 + 4*f**2 + 5*f + 4. Let c be h(-3). Let z be (-5)/((-20)/(-36)) - 2*c. What is the units digit of k(z)?
1
Let w(j) = j**3 + 10*j**2 + 7*j + 16. Let a be (-1 + -15)*1/2. Let c be w(a). Let z = 182 - c. What is the tens digit of z?
9
Suppose 22*m + 3*m = 291*m - 19249888. What is the thousands digit of m?
2
Suppose -688018 = -67*n - 7*n - 181488. What is the units digit of n?
5
Suppose -6342 = -15*d + 8*d. Let b = 106 + d. What is the thousands digit of b?
1
Let k = -38 + -402. Let l = k + 662. What is the hundreds digit of l?
2
Suppose 9*n - 4506 + 1086 = 0. Suppose 0*s + s + 76 = p, 5*p - n = -2*s. What is the tens digit of p?
7
Suppose -3*q + 10720 = w, 5*w + 904*q - 53660 = 899*q. What is the thousands digit of w?
0
What is the units digit of (219924/210 - (-9)/63)*5?
7
Let d be (-368 + -8)/(((-24)/(-9))/(-4)). Suppose 2*l + 4*j = -2*l + d, 2*l = j + 276. What is the units digit of l?
9
Let h(b) = -4*b**3 - 14*b**2 - 5*b + 5. Let o be h(-3). What is the hundreds digit of (-9)/(2/(-236)*o)?
5
Let h(q) = 2*q**3 + 175*q**2 + 241*q + 161. What is the thousands digit of h(-86)?
1
Let q = 20 + -19. Let z be (-2 - -3) + q/1. Let x = z - -1. What is the units digit of x?
3
What is the units digit of 28494/10 - 1 - 296/(-185)?
0
Suppose -41*x + 42*x - 11 = 0. Suppose -9 = -10*z + x. Suppose z*q - 43 - 31 = 0. What is the tens digit of q?
3
Suppose -2*n - 1 = 4*s - 9, s = -5*n + 20. Suppose s = 241*z - 245*z + 596. What is the tens digit of z?
4
Suppose 3500563 + 1121617 - 1202936 = 102*m. What is the hundreds digit of m?
5
Let m(w) = 8*w**3 + 26*w**2 - 91*w - 30. What is the thousands digit of m(16)?
7
Suppose -191*b + 454704 = -95*b - 88*b. What is the units digit of b?
8
Suppose -74 = -5*m + 3*r, 0 = -9*m + 7*m + 3*r + 35. Suppose -45 = -4*a - 3*y, 2*y + 70 = 5*a + 3*y. Suppose q = a - m. What is the units digit of q?
2
Let g(t) = 42*t**3 - 4*t**2 - 16*t - 28. What is the hundreds digit of g(6)?
8
What is the tens digit of (48 - 43)/(9/60633)?
8
Suppose g + 0 + 2 = 0, m - 32442 = -3*g. Suppose i + m = 13*i. Suppose 0 = 6*b + 10*b - i. What is the hundreds digit of b?
1
Suppose 0 = -0*d - d - 5*g + 240, -5*d + 4*g + 1171 = 0. Let z = 551 - 551. Suppose 5*s = 4*h + 505, -2*s - h - 4*h + d = z. What is the units digit of s?
5
Let m(s) = 2*s**2 - 57*s - 22. Let a be m(29). Let r be (50/4)/(a/(-70)). Let f = r - -272. What is the hundreds digit of f?
1
Let m be (-4)/6*30/(-20) - -1. Suppose 25 = -5*u, 3*u - 122 = -a + m*u. Suppose -5*s - 2*y - 395 + 1038 = 0, -s - 2*y = -a. What is the tens digit of s?
2
Let u(v) = -3*v**2 + 33*v + 1. Let r be u(10). Suppose 116 - r = p. What is the units digit of p?
5
Let q = 46 - 56. What is the tens digit of 598 + 6*q/15?
9
Let x(c) = -307*c - 125. Let n be x(4). Let d = n + 2125. What is the hundreds digit of d?
7
Suppose o - 2455 - 18098 = -2*g, -11*g - 61761 = -3*o. What is the tens digit of o?
6
What is the hundreds digit of ((-4)/(-3))/((-22)/(-444279))?
9
What is the hundreds digit of (4/(-10))/(0 + (-10)/32900)?
3
Suppose -312416 = -21*l + 33811. What is the tens digit of l?
8
Let b = 259 - 393. Let m = -130 - b. Suppose 6*i - 9*i + 517 = 5*c, -5*i + m*c + 800 = 0. What is the units digit of i?
4
What is the thousands digit of (-1)/(71478/(-8934) + 8)?
1
Suppose -3*f + 1445 + 463 = -3*o, 0 = 5*f - 3*o - 3178. What is the units digit of f?
5
Suppose 4*s + 115 = 3*c, 3*c = 5*s - 0*c + 140. Let m be ((-492)/15)/(1/s). What is the units digit of m/15 - (-2)/(-3)?
4
Let n be ((-5)/(-10)*-59)/(1/(-2)). Let l = n - 57. Suppose 2*f + s - 37 = 0, -l*s + 3*s = 5*f - 89. What is the units digit of f?
8
Let c(g) = 2*g**2 - 32. Suppose -2*j + 42 = 36. Suppose 79 = j*u + 97. What is the tens digit of c(u)?
4
Let y(t) = -t**3 + 21*t**2 - 2*t - 38. Suppose -30*h + 39*h = 171. What is the tens digit of y(h)?
4
Let i be (1 - 4)/(12/(-20)). Suppose 0 = -i*w + 2316 - 26. What is the tens digit of w?
5
Let y(b) = b**2 - 23*b - 19. Let i be y(24). Suppose -3*p + p = -5*z - 55, -15 = i*z. What is the units digit of p?
0
Let g be (-4)/(44/(-101)) + (-2)/11. Suppose 46*j = 47*j - g. What is the units digit of j?
9
Suppose 2*n - 6 = -2*r + n, -5*r + 2*n + 1